{"id":217,"date":"2015-05-30T21:50:29","date_gmt":"2015-05-30T21:50:29","guid":{"rendered":"http:\/\/totaltheme.wpengine.com\/samus\/?page_id=9"},"modified":"2025-07-22T14:20:13","modified_gmt":"2025-07-22T14:20:13","slug":"home","status":"publish","type":"page","link":"https:\/\/munitaxisco.gob.gt\/portal\/","title":{"rendered":"Home"},"content":{"rendered":"<section class=\"wpb-content-wrapper\">[vc_row css=&#8221;.vc_custom_1743697397822{padding-top: 30px !important;}&#8221;][vc_column][rev_slider_vc alias=&#8221;classy-homepage&#8221;][\/vc_column][\/vc_row][vc_row][vc_column width=&#8221;1\/3&#8243;][vc_single_image image=&#8221;269&#8243;][\/vc_column][vc_column width=&#8221;1\/3&#8243;][vc_single_image image=&#8221;271&#8243;][\/vc_column][vc_column width=&#8221;1\/3&#8243;][vc_single_image image=&#8221;273&#8243;][\/vc_column][\/vc_row][vc_row][vc_column]<h2 class=\"vcex-heading vcex-heading-plain vcex-module wpex-text-2xl wpex-font-normal wpex-m-auto wpex-max-w-100 wpex-block wpex-text-center vc_custom_1707790087064\"><span class=\"vcex-heading-inner wpex-inline-block\">CORPORACI\u00d3N 2024-2028<\/span><\/h2>[\/vc_column][\/vc_row][vc_row content_placement=&#8221;middle&#8221;][vc_column width=&#8221;3\/5&#8243;]<figure class=\"vcex-image vcex-module\"><div class=\"vcex-image-inner wpex-relative wpex-inline-block\"><img width=\"960\" height=\"720\" src=\"https:\/\/munitaxisco.gob.gt\/portal\/wp-content\/uploads\/2024\/02\/toma-de-posesion-nuevas-autoridades.jpg\" class=\"vcex-image-img wpex-align-middle\" alt=\"\" loading=\"lazy\" decoding=\"async\" srcset=\"https:\/\/munitaxisco.gob.gt\/portal\/wp-content\/uploads\/2024\/02\/toma-de-posesion-nuevas-autoridades.jpg 960w, https:\/\/munitaxisco.gob.gt\/portal\/wp-content\/uploads\/2024\/02\/toma-de-posesion-nuevas-autoridades-300x225.jpg 300w, https:\/\/munitaxisco.gob.gt\/portal\/wp-content\/uploads\/2024\/02\/toma-de-posesion-nuevas-autoridades-768x576.jpg 768w\" sizes=\"auto, (max-width: 960px) 100vw, 960px\" \/><\/div><\/figure>[\/vc_column][vc_column width=&#8221;2\/5&#8243;]<style>.vcex-bullets.vcex_69f4b2a18f93e .vcex-bullets-icon{color:#ffc35a;}.vcex-bullets.vcex_69f4b2a18f93e{font-size:16px;}<\/style><div class=\"vcex-module vcex-bullets custom-icon vcex_69f4b2a18f93e\">\n<ul>\n<li><div class=\"vcex-bullets-ci-wrap wpex-inline-flex\"><span class=\"vcex-bullets-icon-wrap vcex-icon-wrap wpex-mr-10\"><span class=\"vcex-bullets-icon vcex-icon ticon ticon-check\" aria-hidden=\"true\"><\/span><\/span><div class=\"vcex-content wpex-flex-grow\">\n<div class=\"xdj266r x11i5rnm xat24cr x1mh8g0r x1vvkbs x126k92a\">\n<div dir=\"auto\">se realiz\u00f3 la Toma de Posesi\u00f3n para las nuevas Autoridades, nuestras autoridades Municipales, est\u00e1 se llev\u00f3 acabo en el Salon Municipal con un Acto Protocolario.<\/div>\n<\/div>\n<div class=\"x11i5rnm xat24cr x1mh8g0r x1vvkbs xtlvy1s x126k92a\">\n<div dir=\"auto\">Nuestras nuevas autoridades:<\/div>\n<div dir=\"auto\"><\/div>\n<div dir=\"auto\">Alcalde: Vidal Montepeque Barillas<\/div>\n<div dir=\"auto\">S\u00edndico Primero: Everardo Pinzon<\/div>\n<div dir=\"auto\">S\u00edndico Segundo: Edwin Grajeda<\/div>\n<div dir=\"auto\">Concejal Primero: Edgar Ruben Catalan Retana<\/div>\n<div dir=\"auto\">Concejal Segundo: Selvin Omar Hern\u00e1ndez<\/div>\n<div dir=\"auto\">Concejal Tercero: Vinicio Flores<\/div>\n<div dir=\"auto\">Concejal Cuarto: Carlos Bonilla<\/div>\n<div dir=\"auto\">Concejal Quinto: Hern\u00e1n Garcia<\/div>\n<\/div>\n<\/div><\/div><\/li>\n<\/ul>\n<\/div><div class=\"vcex-spacing wpex-w-100 wpex-clear\"><\/div>[\/vc_column][\/vc_row][vc_row][vc_column]<h2 class=\"vcex-heading vcex-heading-plain vcex-module wpex-text-2xl wpex-font-normal wpex-m-auto wpex-max-w-100 wpex-block vc_custom_1707834290864\"><span class=\"vcex-heading-inner wpex-inline-block\">NOTICIAS<\/span><\/h2>[\/vc_column][\/vc_row]\n<\/section>","protected":false},"excerpt":{"rendered":"<p>[vc_row css=&#8221;.vc_custom_1743697397822{padding-top: 30px !important;}&#8221;][vc_column][rev_slider_vc alias=&#8221;classy-homepage&#8221;][\/vc_column][\/vc_row][vc_row][vc_column width=&#8221;1\/3&#8243;][vc_single_image image=&#8221;269&#8243;][\/vc_column][vc_column width=&#8221;1\/3&#8243;][vc_single_image image=&#8221;271&#8243;][\/vc_column][vc_column width=&#8221;1\/3&#8243;][vc_single_image image=&#8221;273&#8243;][\/vc_column][\/vc_row][vc_row][vc_column][\/vc_column][\/vc_row][vc_row content_placement=&#8221;middle&#8221;][vc_column width=&#8221;3\/5&#8243;][\/vc_column][vc_column width=&#8221;2\/5&#8243;][\/vc_column][\/vc_row][vc_row][vc_column][\/vc_column][\/vc_row]<\/p>\n","protected":false},"author":1,"featured_media":0,"parent":0,"menu_order":0,"comment_status":"open","ping_status":"open","template":"","meta":{"footnotes":""},"class_list":["post-217","page","type-page","status-publish","hentry","entry","no-media"],"_links":{"self":[{"href":"https:\/\/munitaxisco.gob.gt\/portal\/wp-json\/wp\/v2\/pages\/217","targetHints":{"allow":["GET"]}}],"collection":[{"href":"https:\/\/munitaxisco.gob.gt\/portal\/wp-json\/wp\/v2\/pages"}],"about":[{"href":"https:\/\/munitaxisco.gob.gt\/portal\/wp-json\/wp\/v2\/types\/page"}],"author":[{"embeddable":true,"href":"https:\/\/munitaxisco.gob.gt\/portal\/wp-json\/wp\/v2\/users\/1"}],"replies":[{"embeddable":true,"href":"https:\/\/munitaxisco.gob.gt\/portal\/wp-json\/wp\/v2\/comments?post=217"}],"version-history":[{"count":21,"href":"https:\/\/munitaxisco.gob.gt\/portal\/wp-json\/wp\/v2\/pages\/217\/revisions"}],"predecessor-version":[{"id":1564,"href":"https:\/\/munitaxisco.gob.gt\/portal\/wp-json\/wp\/v2\/pages\/217\/revisions\/1564"}],"wp:attachment":[{"href":"https:\/\/munitaxisco.gob.gt\/portal\/wp-json\/wp\/v2\/media?parent=217"}],"curies":[{"name":"wp","href":"https:\/\/api.w.org\/{rel}","templated":true}]}}

<section class="wpb-content-wrapper">[vc_row css=&#8221;.vc_custom_1743697397822{padding-top: 30px !important;}&#8221;][vc_column][rev_slider_vc alias=&#8221;classy-homepage&#8221;][/vc_column][/vc_row][vc_row][vc_column width=&#8221;1/3&#8243;][vc_single_image image=&#8221;269&#8243;][/vc_column][vc_column width=&#8221;1/3&#8243;][vc_single_image image=&#8221;271&#8243;][/vc_column][vc_column width=&#8221;1/3&#8243;][vc_single_image image=&#8221;273&#8243;][/vc_column][/vc_row][vc_row][vc_column]<h2 class="vcex-heading vcex-heading-plain vcex-module wpex-text-2xl wpex-font-normal wpex-m-auto wpex-max-w-100 wpex-block wpex-text-center vc_custom_1707790087064"><span class="vcex-heading-inner wpex-inline-block">CORPORACIÓN 2024-2028</span></h2>[/vc_column][/vc_row][vc_row content_placement=&#8221;middle&#8221;][vc_column width=&#8221;3/5&#8243;]<figure class="vcex-image vcex-module"><div class="vcex-image-inner wpex-relative wpex-inline-block"><img width="960" height="720" src="https://munitaxisco.gob.gt/portal/wp-content/uploads/2024/02/toma-de-posesion-nuevas-autoridades.jpg" class="vcex-image-img wpex-align-middle" alt="" loading="lazy" decoding="async" srcset="https://munitaxisco.gob.gt/portal/wp-content/uploads/2024/02/toma-de-posesion-nuevas-autoridades.jpg 960w, https://munitaxisco.gob.gt/portal/wp-content/uploads/2024/02/toma-de-posesion-nuevas-autoridades-300x225.jpg 300w, https://munitaxisco.gob.gt/portal/wp-content/uploads/2024/02/toma-de-posesion-nuevas-autoridades-768x576.jpg 768w" sizes="auto, (max-width: 960px) 100vw, 960px" /></div></figure>[/vc_column][vc_column width=&#8221;2/5&#8243;]<style>.vcex-bullets.vcex_69f4b2a18f93e .vcex-bullets-icon{color:#ffc35a;}.vcex-bullets.vcex_69f4b2a18f93e{font-size:16px;}</style><div class="vcex-module vcex-bullets custom-icon vcex_69f4b2a18f93e">
<ul>
<li><div class="vcex-bullets-ci-wrap wpex-inline-flex"><span class="vcex-bullets-icon-wrap vcex-icon-wrap wpex-mr-10"><span class="vcex-bullets-icon vcex-icon ticon ticon-check" aria-hidden="true"></span></span><div class="vcex-content wpex-flex-grow">
<div class="xdj266r x11i5rnm xat24cr x1mh8g0r x1vvkbs x126k92a">
<div dir="auto">se realizó la Toma de Posesión para las nuevas Autoridades, nuestras autoridades Municipales, está se llevó acabo en el Salon Municipal con un Acto Protocolario.</div>
</div>
<div class="x11i5rnm xat24cr x1mh8g0r x1vvkbs xtlvy1s x126k92a">
<div dir="auto">Nuestras nuevas autoridades:</div>
<div dir="auto"></div>
<div dir="auto">Alcalde: Vidal Montepeque Barillas</div>
<div dir="auto">Síndico Primero: Everardo Pinzon</div>
<div dir="auto">Síndico Segundo: Edwin Grajeda</div>
<div dir="auto">Concejal Primero: Edgar Ruben Catalan Retana</div>
<div dir="auto">Concejal Segundo: Selvin Omar Hernández</div>
<div dir="auto">Concejal Tercero: Vinicio Flores</div>
<div dir="auto">Concejal Cuarto: Carlos Bonilla</div>
<div dir="auto">Concejal Quinto: Hernán Garcia</div>
</div>
</div></div></li>
</ul>
</div><div class="vcex-spacing wpex-w-100 wpex-clear"></div>[/vc_column][/vc_row][vc_row][vc_column]<h2 class="vcex-heading vcex-heading-plain vcex-module wpex-text-2xl wpex-font-normal wpex-m-auto wpex-max-w-100 wpex-block vc_custom_1707834290864"><span class="vcex-heading-inner wpex-inline-block">NOTICIAS</span></h2>[/vc_column][/vc_row]
</section>
